f 265?
False
Is 3245437140 a multiple of 30?
True
Does 94 divide 17493494?
True
Is 5700882 a multiple of 102?
True
Does 3 divide 11041221?
True
Does 785 divide 154079622?
False
Is 5013 a factor of 2787448572?
True
Is 16663840 a multiple of 16?
True
Is 3990255152 a multiple of 8?
True
Does 356 divide 128545894?
False
Is 51810357 a multiple of 22?
False
Is 171 a factor of 12367233?
True
Is 1279672935 a multiple of 615?
True
Is 598 a factor of 22206730?
True
Is 14877774 a multiple of 74?
True
Is 250382965 a multiple of 22?
False
Is 4058 a factor of 1933223084?
True
Is 473674747 a multiple of 1861?
True
Is 3722548916 a multiple of 20?
False
Is 2074689 a multiple of 29?
True
Is 3282 a factor of 60261250?
False
Is 14016936 a multiple of 46?
True
Is 399 a factor of 181985895?
True
Is 184558034 a multiple of 1862?
False
Does 39 divide 30159969?
False
Is 13 a factor of 694555966?
True
Is 436660 a multiple of 28?
True
Is 213 a factor of 5051592168?
False
Is 25294626 a multiple of 14?
True
Is 32 a factor of 8024025967?
False
Is 196 a factor of 1376039672?
False
Is 28818570 a multiple of 33?
True
Does 6178 divide 975305937?
False
Is 140765159 a multiple of 5149?
False
Is 23784680 a multiple of 4?
True
Does 17 divide 2121290180?
False
Does 5474 divide 1307755022?
True
Is 1227383870 a multiple of 178?
True
Does 596 divide 1486108103?
False
Is 15667152 a multiple of 124?
True
Does 15 divide 753390765?
True
Is 2670049446 a multiple of 1311?
False
Is 9995 a factor of 2047395790?
True
Is 224567882 a multiple of 14?
True
Does 17 divide 2553485?
True
Is 77965830 a multiple of 18?
True
Is 159 a factor of 20376327?
True
Is 47507690 a multiple of 1462?
True
Is 7251431 a multiple of 29?
False
Is 11022990 a multiple of 330?
True
Does 196 divide 27706364?
True
Does 266 divide 242696449?
False
Does 719 divide 154487935?
True
Does 468 divide 25649676?
True
Is 22 a factor of 4881747?
False
Does 9 divide 11750454?
True
Is 500 a factor of 5233000?
True
Does 12478 divide 1455959625?
False
Is 49060934 a multiple of 26?
True
Does 9 divide 516222?
True
Is 337218 a multiple of 14?
True
Does 889 divide 126623848?
False
Is 6993682873 a multiple of 4548?
False
Is 2228 a factor of 3141585908?
False
Is 1323237 a multiple of 2?
False
Is 236 a factor of 128513564?
True
Is 49 a factor of 32841585?
False
Is 148549199 a multiple of 14?
False
Does 52 divide 185311048?
True
Is 44906837 a multiple of 866?
False
Does 12 divide 985753908?
True
Is 19 a factor of 1022530980?
True
Is 7 a factor of 158332790?
True
Is 93 a factor of 155680791?
True
Does 23 divide 900897948?
True
Is 21647190 a multiple of 10?
True
Is 486635304 a multiple of 4456?
True
Is 3727 a factor of 126476556?
False
Is 640698865 a multiple of 3677?
True
Is 170227664 a multiple of 136?
True
Does 38 divide 1534459494?
True
Is 29 a factor of 32613586?
False
Is 178 a factor of 452624630?
True
Is 10 a factor of 343717051?
False
Is 330 a factor of 177702360?
True
Is 326760812 a multiple of 49?
True
Does 519 divide 27509530?
False
Is 8 a factor of 88250728?
True
Does 3 divide 156014019?
True
Is 20 a factor of 1076816154?
False
Is 55846392 a multiple of 3576?
True
Is 855758696 a multiple of 13?
True
Is 2363930648 a multiple of 784?
False
Does 87 divide 1052165733?
True
Is 306 a factor of 30174672?
False
Is 297928285 a multiple of 7485?
False
Does 43 divide 1118794074?
False
Is 32840159 a multiple of 11?
True
Is 242 a factor of 55737682?
True
Is 142116340 a multiple of 8?
False
Does 649 divide 27370277?
True
Is 212 a factor of 8166452?
True
Is 331569271 a multiple of 18?
False
Is 11 a factor of 469032190?
True
Is 1763 a factor of 8708435?
False
Is 25 a factor of 26778300?
True
Is 5419903104 a multiple of 189?
True
Is 3037761 a multiple of 471?
False
Does 9 divide 27512901?
True
Is 38672136 a multiple of 1032?
True
Does 2273 divide 676926676?
True
Is 14297800 a multiple of 1179?
False
Is 2 a factor of 16183396?
True
Is 13 a factor of 69844679?
False
Does 660 divide 147135120?
True
Does 30 divide 10287039?
False
Is 9 a factor of 21104308?
False
Is 791 a factor of 40407444?
True
Is 35 a factor of 6503315?
True
Is 21 a factor of 1326931557?
True
Does 105 divide 2134981485?
True
Is 60201792 a multiple of 108?
True
Is 179 a factor of 754271554?
False
Is 95 a factor of 250277785?
True
Does 12 divide 7752012?
True
Does 417 divide 31019513?
False
Does 15 divide 697182360?
True
Is 9283020 a multiple of 958?
True
Does 237 divide 84034294?
False
Does 5 divide 5301577?
False
Is 9 a factor of 1039196961?
True
Does 8 divide 10706144?
True
Is 706310088 a multiple of 11?
True
Is 631 a factor of 67313818?
True
Does 568 divide 116480896?
True
Does 142 divide 2480341?
False
Does 56 divide 34125224?
True
Is 50035897 a multiple of 419?
False
Is 12535475 a multiple of 783?
False
Is 8934824 a multiple of 65?
False
Is 12 a factor of 8141353?
False
Is 2152883960 a multiple of 1145?
True
Does 14 divide 1629248?
False
Does 473 divide 266609365?
False
Is 357586658 a multiple of 143?
True
Is 1680440299 a multiple of 24?
False
Is 15 a factor of 47459277?
False
Is 198 a factor of 16343514?
True
Is 105 a factor of 33512010?
True
Does 17 divide 12452813?
False
Is 21351007 a multiple of 6?
False
Is 1621009 a multiple of 563?
False
Is 37 a factor of 14349488?
True
Is 223 a factor of 65566237?
True
Does 433 divide 675660561?
True
Is 15 a factor of 2554155?
True
Is 81246880 a multiple of 1760?
True
Is 1277343672 a multiple of 583?
True
Is 56308501 a multiple of 41?
False
Is 75 a factor of 179843550?
True
Does 93 divide 95005076?
False
Is 4416 a factor of 324960192?
True
Is 50 a factor of 991945553?
False
Does 13 divide 2564550353?
False
Does 10 divide 19716062?
False
Is 15 a factor of 1195828198?
False
Does 23 divide 185633785?
False
Is 89144844 a multiple of 12?
True
Is 1469423126 a multiple of 759?
False
Is 302098600 a multiple of 200?
True
Is 352126775 a multiple of 325?
True
Does 28 divide 454364235?
False
Does 91 divide 63917581?
True
Is 2199630 a multiple of 30?
True
Is 1577590896 a multiple of 47?
False
Is 5 a factor of 115451981?
False
Does 84 divide 219928071?
False
Is 2 a factor of 27993422?
True
Does 416 divide 18928000?
True
Is 839216014 a multiple of 13?
True
Is 22 a factor of 96259092?
False
Does 29 divide 432109446?
False
Does 9 divide 309053700?
True
Is 22401096 a multiple of 31?
True
Is 1732 a factor of 1308248880?
True
Is 17715297 a multiple of 2413?
False
Is 2485318320 a multiple of 6620?
False
Is 1379507649 a multiple of 57?
False
Does 3 divide 37142118?
True
Is 23862936 a multiple of 516?
True
Is 183748188 a multiple of 78?
True
Is 2575005 a multiple of 41?
True
Is 961 a factor of 52811755?
True
Is 922 a factor of 28898034?
False
Is 35 a factor of 9546145?
True
Is 13626718 a multiple of 222?
False
Does 17 divide 39235882?
False
Does 846 divide 17540118?
True
Is 6 a factor of 78666618?
True
Is 1245 a factor of 58824925?
False
Does 208 divide 21496384?
True
Is 1050314790 a multiple of 7570?
True
Is 666806499 a multiple of 3440?
False
Does 182 divide 4229080072?
False
Is 4322 a factor of 1037677624?
True
Is 22538004 a multiple of 3?
True
Does 1726 divide 2242999136?
True
Does 285 divide 58489410?
True
Is 178 a factor of 4505961?
False
Does 848 divide 84037722?
False
Does 725 divide 65624825?
True
Is 1959291928 a multiple of 2113?
True
Is 8 a factor of 160188528?
True
Is 478 a factor of 95872590?
False
Is 62 a factor of 935952?
True
Is 52269101 a multiple of 11?
False
Is 45 a factor of 44748350?
False
Is 32 a factor of 6066880?
True
Is 184497685 a multiple of 248?
False
Does 4 divide 10279208?
True
Is 37 a factor of 236762160?
False
Does 1577 divide 382737900?
True
Is 1399332423 a multiple of 65?
False
Is 9667687 a multiple of 1392?
False
Is 8550275 a multiple of 127?
True
Is 35202354 a multiple of 22?
True
Is 46542570 a multiple of 424?
False
Is 960 a factor of 225279378?
False
Is 1168901168 a multiple of 12?
False
Is 3 a factor of 17570243?
False
Is 468 a factor of 150678684?
True
Does 8 divide 125779344?
True
Is 183 a factor of 976167567?
True
Does 18 divide 3533293044?
True
Is 11410470 a multiple of 104?
False
Does 11 divide 420720021?
False
Is 30388563 a multiple of 946?
False
Is 3225 a factor of 839038575?
True
Does 1743 divide 193187039?
False
I